{"id":1643,"date":"2016-04-24T13:37:16","date_gmt":"2016-04-24T12:37:16","guid":{"rendered":"http:\/\/dev.sgv-champagne.fr\/?page_id=1643"},"modified":"2018-06-20T15:16:44","modified_gmt":"2018-06-20T14:16:44","slug":"delegation-employeurs","status":"publish","type":"page","link":"https:\/\/www.sgv-champagne.fr\/?page_id=1643","title":{"rendered":"La D\u00e9l\u00e9gation des Employeurs de main-d&rsquo;\u0153uvre"},"content":{"rendered":"<p>La D\u00e9l\u00e9gation des Employeurs de main-d\u2019\u0153uvre fonctionne avec son propre Conseil d\u2019Administration. Elle a vocation \u00e0 prendre en charge, au nom du SGV Champagne, tous les dossiers relatifs au droit du travail ou \u00e0 la convention collective. Elle a aussi pour mission :<\/p>\n<ul>\n<li>de n\u00e9gocier la convention collective des salari\u00e9s et des exploitations viticoles et l\u2019\u00e9volution des salaires ;<\/li>\n<li>de repr\u00e9senter et de d\u00e9fendre les int\u00e9r\u00eats des vignerons employeurs dans diff\u00e9rents organismes et devant ou avec l\u2019administration.<\/li>\n<\/ul>\n","protected":false},"excerpt":{"rendered":"<p>La D\u00e9l\u00e9gation des Employeurs de main-d\u2019\u0153uvre fonctionne avec son propre Conseil d\u2019Administration. Elle a vocation \u00e0 prendre en charge, au nom du SGV Champagne, tous les dossiers relatifs au droit du travail ou \u00e0 la convention collective. Elle a aussi pour mission : de n\u00e9gocier la convention collective des salari\u00e9s et des exploitations viticoles et &hellip; <\/p>\n<p class=\"link-more\"><a href=\"https:\/\/www.sgv-champagne.fr\/?page_id=1643\" class=\"more-link\">Continuer la lecture<span class=\"screen-reader-text\"> de &laquo;&nbsp;La D\u00e9l\u00e9gation des Employeurs de main-d&rsquo;\u0153uvre&nbsp;&raquo;<\/span><\/a><\/p>\n","protected":false},"author":7,"featured_media":0,"parent":0,"menu_order":0,"comment_status":"closed","ping_status":"closed","template":"","meta":{"footnotes":""},"class_list":["post-1643","page","type-page","status-publish","hentry"],"_links":{"self":[{"href":"https:\/\/www.sgv-champagne.fr\/index.php?rest_route=\/wp\/v2\/pages\/1643","targetHints":{"allow":["GET"]}}],"collection":[{"href":"https:\/\/www.sgv-champagne.fr\/index.php?rest_route=\/wp\/v2\/pages"}],"about":[{"href":"https:\/\/www.sgv-champagne.fr\/index.php?rest_route=\/wp\/v2\/types\/page"}],"author":[{"embeddable":true,"href":"https:\/\/www.sgv-champagne.fr\/index.php?rest_route=\/wp\/v2\/users\/7"}],"replies":[{"embeddable":true,"href":"https:\/\/www.sgv-champagne.fr\/index.php?rest_route=%2Fwp%2Fv2%2Fcomments&post=1643"}],"version-history":[{"count":1,"href":"https:\/\/www.sgv-champagne.fr\/index.php?rest_route=\/wp\/v2\/pages\/1643\/revisions"}],"predecessor-version":[{"id":2853,"href":"https:\/\/www.sgv-champagne.fr\/index.php?rest_route=\/wp\/v2\/pages\/1643\/revisions\/2853"}],"wp:attachment":[{"href":"https:\/\/www.sgv-champagne.fr\/index.php?rest_route=%2Fwp%2Fv2%2Fmedia&parent=1643"}],"curies":[{"name":"wp","href":"https:\/\/api.w.org\/{rel}","templated":true}]}}