{"id":1645,"date":"2016-04-24T13:37:39","date_gmt":"2016-04-24T12:37:39","guid":{"rendered":"http:\/\/dev.sgv-champagne.fr\/?page_id=1645"},"modified":"2018-05-30T14:00:34","modified_gmt":"2018-05-30T13:00:34","slug":"groupe-des-jeunes","status":"publish","type":"page","link":"https:\/\/www.sgv-champagne.fr\/?page_id=1645","title":{"rendered":"Le Groupe des Jeunes Vignerons de la Champagne"},"content":{"rendered":"<p>Le\u00a0Groupe des Jeunes Vignerons de la Champagne repr\u00e9sente et d\u00e9fend les int\u00e9r\u00eats des futurs exploitants et des jeunes vignerons.<\/p>\n<p>Il fonctionne avec un Conseil d\u2019Administration et un Bureau. Il s\u2019investit dans deux grands domaines :<\/p>\n<ul>\n<li>la repr\u00e9sentation et la d\u00e9fense des int\u00e9r\u00eats des futurs exploitants et des jeunes vignerons dans leurs premi\u00e8res ann\u00e9es d\u2019installation ;<\/li>\n<li>la contribution aux r\u00e9flexions syndicales sur l\u2019AOC et sur l\u2019avenir de la profession viticole.<\/li>\n<\/ul>\n<p>Deux membres du Groupe des Jeunes Vignerons si\u00e8gent au sein du Conseil d\u2019Administration du SGV Champagne. Le groupe a \u00e9galement des repr\u00e9sentants dans chacune des commissions syndicales.<\/p>\n<p>Pour plus d&rsquo;informations, rendez-vous sur <a href=\"http:\/\/www.gdj-champagne.fr\">le site du Groupe des jeunes vignerons de la Champagne<\/a>.<\/p>\n","protected":false},"excerpt":{"rendered":"<p>Le\u00a0Groupe des Jeunes Vignerons de la Champagne repr\u00e9sente et d\u00e9fend les int\u00e9r\u00eats des futurs exploitants et des jeunes vignerons. Il fonctionne avec un Conseil d\u2019Administration et un Bureau. Il s\u2019investit dans deux grands domaines : la repr\u00e9sentation et la d\u00e9fense des int\u00e9r\u00eats des futurs exploitants et des jeunes vignerons dans leurs premi\u00e8res ann\u00e9es d\u2019installation ; &hellip; <\/p>\n<p class=\"link-more\"><a href=\"https:\/\/www.sgv-champagne.fr\/?page_id=1645\" class=\"more-link\">Continuer la lecture<span class=\"screen-reader-text\"> de &laquo;&nbsp;Le Groupe des Jeunes Vignerons de la Champagne&nbsp;&raquo;<\/span><\/a><\/p>\n","protected":false},"author":7,"featured_media":0,"parent":0,"menu_order":0,"comment_status":"closed","ping_status":"closed","template":"","meta":{"footnotes":""},"class_list":["post-1645","page","type-page","status-publish","hentry"],"_links":{"self":[{"href":"https:\/\/www.sgv-champagne.fr\/index.php?rest_route=\/wp\/v2\/pages\/1645","targetHints":{"allow":["GET"]}}],"collection":[{"href":"https:\/\/www.sgv-champagne.fr\/index.php?rest_route=\/wp\/v2\/pages"}],"about":[{"href":"https:\/\/www.sgv-champagne.fr\/index.php?rest_route=\/wp\/v2\/types\/page"}],"author":[{"embeddable":true,"href":"https:\/\/www.sgv-champagne.fr\/index.php?rest_route=\/wp\/v2\/users\/7"}],"replies":[{"embeddable":true,"href":"https:\/\/www.sgv-champagne.fr\/index.php?rest_route=%2Fwp%2Fv2%2Fcomments&post=1645"}],"version-history":[{"count":5,"href":"https:\/\/www.sgv-champagne.fr\/index.php?rest_route=\/wp\/v2\/pages\/1645\/revisions"}],"predecessor-version":[{"id":2825,"href":"https:\/\/www.sgv-champagne.fr\/index.php?rest_route=\/wp\/v2\/pages\/1645\/revisions\/2825"}],"wp:attachment":[{"href":"https:\/\/www.sgv-champagne.fr\/index.php?rest_route=%2Fwp%2Fv2%2Fmedia&parent=1645"}],"curies":[{"name":"wp","href":"https:\/\/api.w.org\/{rel}","templated":true}]}}