{"id":2206,"date":"2017-01-07T10:21:29","date_gmt":"2017-01-07T09:21:29","guid":{"rendered":"http:\/\/dev.sgv-champagne.fr\/?page_id=2026"},"modified":"2021-11-29T14:45:15","modified_gmt":"2021-11-29T13:45:15","slug":"les-missions-du-sgv","status":"publish","type":"page","link":"https:\/\/www.sgv-champagne.fr\/?page_id=2206","title":{"rendered":"Les missions du SGV"},"content":{"rendered":"<h1>D\u00e9fendre<\/h1>\n<blockquote><p>Au plus proche des int\u00e9r\u00eats des vignerons<\/p><\/blockquote>\n<p>Le SGV Champagne a la responsabilit\u00e9 de la p\u00e9rennit\u00e9 de l\u2019appellation Champagne. Dans ce but, il intervient directement dans les r\u00e9formes et l\u2019adaptation des r\u00e8gles qui r\u00e9gissent l\u2019appellation Champagne en participant aux travaux de l\u2019Institut National de l\u2019Origine et de la Qualit\u00e9 (INAO).<\/p>\n<p>Dans le cadre de l\u2019interprofession, le Syndicat contribue activement \u00e0 la gestion de l&rsquo;\u00e9conomie champenoise en vue d&rsquo;assurer les meilleurs d\u00e9bouch\u00e9s aux r\u00e9coltes des viticulteurs.<\/p>\n<p>Il prend en charge la d\u00e9fense des int\u00e9r\u00eats g\u00e9n\u00e9raux de la profession et la d\u00e9fense des int\u00e9r\u00eats particuliers des exploitants dans les domaines les plus vari\u00e9s : fiscalit\u00e9, droit rural, droit du travail, r\u00e9glementations diverses.<\/p>\n<p>Pour cela, il intervient directement aupr\u00e8s des pouvoirs publics, des parlementaires et entretient des liens fonctionnels avec de nombreuses autres organisations professionnelles repr\u00e9sentatives.<\/p>\n<h1>Accompagner<\/h1>\n<blockquote><p>L\u2019information et le d\u00e9veloppement des exploitations<\/p><\/blockquote>\n<p>Le Syndicat d\u00e9veloppe des comp\u00e9tences qui font r\u00e9f\u00e9rence dans les domaines r\u00e9glementaire, juridique, social, fiscal, comptable et \u00e9conomique.<\/p>\n<p>\u00c0 ce titre, il constitue une source d\u2019information irrempla\u00e7able pour les viticulteurs champenois et leurs partenaires. Simples renseignements ou prestations plus pouss\u00e9es, chaque vigneron trouve des \u00e9l\u00e9ments de r\u00e9ponse qui prennent en consid\u00e9ration sa situation personnelle.<\/p>\n<p>Magazine de l\u2019actualit\u00e9 champenoise, La Champagne Viticole traite chaque mois de l\u2019ensemble des sujets int\u00e9ressant la profession. Un site internet compl\u00e8te \u00e9galement les liens entre le Syndicat et ses adh\u00e9rents.<\/p>\n<p>Enfin, le Syndicat est organisateur de nombreuses formations qui permettent \u00e0 chacun d\u2019actualiser ses connaissances et d\u2019anticiper le d\u00e9veloppement de son exploitation.<\/p>\n<h1>Repr\u00e9senter<\/h1>\n<blockquote><p>L&rsquo;\u00e9change et la r\u00e9flexion<\/p><\/blockquote>\n<p>Le SGV Champagne assure la repr\u00e9sentation de 16 000 vignerons champenois. Cette repr\u00e9sentation s&rsquo;effectue gr\u00e2ce \u00e0 une organisation d\u00e9mocratique et transparente dont le socle est constitu\u00e9 par un r\u00e9seau de sections locales couvrant les 319 communes viticoles. Les s\u00e9ances de travail des 244 sections locales, les multiples r\u00e9unions de terrain et l&rsquo;assembl\u00e9e g\u00e9n\u00e9rale annuelle du Syndicat sont des lieux d\u2019\u00e9changes : revendications, attentes mais aussi informations et consignes syndicales y sont exprim\u00e9es.<\/p>\n<p>Les \u00e9lus professionnels assurent la repr\u00e9sentation du vignoble aupr\u00e8s des pouvoirs publics et des administrations, tant \u00e0 l\u2019\u00e9chelon local, r\u00e9gional que national.<\/p>\n<p>Au sein du Syndicat, trois organismes participent aussi de mani\u00e8re tr\u00e8s active \u00e0 la r\u00e9flexion et la gestion des dossiers : le Groupement des Employeurs, le Groupe des Jeunes Vignerons et la Commission des Viticultrices.<\/p>\n<p>Depuis 2008, le SGV Champagne est reconnu ODG, Organisme de D\u00e9fense et de Gestion, par l\u2019INAO.<\/p>\n<h1>Promouvoir<\/h1>\n<blockquote><p>Un mouvement en faveur d&rsquo;une nouvelle consommation du Champagne<\/p><\/blockquote>\n<p>Le nouveau mot d&rsquo;ordre ? \u00ab\u00a0A chacun son champagne de vignerons\u00a0\u00bb, car il y autant de champagnes de vignerons que de bulles dans une coupe. L&rsquo;objectif de la campagne est de remettre la consommation de Champagne au go\u00fbt du jour, ce produit n&rsquo;est plus r\u00e9serv\u00e9 qu&rsquo;aux grandes occasions, mais peut accompagner chaque petit moment de convivialit\u00e9.<\/p>\n<p>Encourag\u00e9 depuis 2018 par des r\u00e9sultats tr\u00e8s positifs, le SGV Champagne amplifie son dispositif de communication. Ainsi, les visuels de la campagne s&rsquo;affichent partout en France, allant m\u00eame dans les vitrines des cavistes. Le but est de d\u00e9velopper la notori\u00e9t\u00e9 des champagnes de vignerons aupr\u00e8s de la cible des 30-50 ans et de d\u00e9velopper les ventes pour s&rsquo;imposer sur un march\u00e9 tr\u00e8s disput\u00e9.<\/p>\n","protected":false},"excerpt":{"rendered":"<p>D\u00e9fendre Au plus proche des int\u00e9r\u00eats des vignerons Le SGV Champagne a la responsabilit\u00e9 de la p\u00e9rennit\u00e9 de l\u2019appellation Champagne. Dans ce but, il intervient directement dans les r\u00e9formes et l\u2019adaptation des r\u00e8gles qui r\u00e9gissent l\u2019appellation Champagne en participant aux travaux de l\u2019Institut National de l\u2019Origine et de la Qualit\u00e9 (INAO). Dans le cadre de &hellip; <\/p>\n<p class=\"link-more\"><a href=\"https:\/\/www.sgv-champagne.fr\/?page_id=2206\" class=\"more-link\">Continuer la lecture<span class=\"screen-reader-text\"> de &laquo;&nbsp;Les missions du SGV&nbsp;&raquo;<\/span><\/a><\/p>\n","protected":false},"author":7,"featured_media":0,"parent":1981,"menu_order":0,"comment_status":"closed","ping_status":"closed","template":"","meta":{"footnotes":""},"class_list":["post-2206","page","type-page","status-publish","hentry"],"_links":{"self":[{"href":"https:\/\/www.sgv-champagne.fr\/index.php?rest_route=\/wp\/v2\/pages\/2206","targetHints":{"allow":["GET"]}}],"collection":[{"href":"https:\/\/www.sgv-champagne.fr\/index.php?rest_route=\/wp\/v2\/pages"}],"about":[{"href":"https:\/\/www.sgv-champagne.fr\/index.php?rest_route=\/wp\/v2\/types\/page"}],"author":[{"embeddable":true,"href":"https:\/\/www.sgv-champagne.fr\/index.php?rest_route=\/wp\/v2\/users\/7"}],"replies":[{"embeddable":true,"href":"https:\/\/www.sgv-champagne.fr\/index.php?rest_route=%2Fwp%2Fv2%2Fcomments&post=2206"}],"version-history":[{"count":5,"href":"https:\/\/www.sgv-champagne.fr\/index.php?rest_route=\/wp\/v2\/pages\/2206\/revisions"}],"predecessor-version":[{"id":5261,"href":"https:\/\/www.sgv-champagne.fr\/index.php?rest_route=\/wp\/v2\/pages\/2206\/revisions\/5261"}],"up":[{"embeddable":true,"href":"https:\/\/www.sgv-champagne.fr\/index.php?rest_route=\/wp\/v2\/pages\/1981"}],"wp:attachment":[{"href":"https:\/\/www.sgv-champagne.fr\/index.php?rest_route=%2Fwp%2Fv2%2Fmedia&parent=2206"}],"curies":[{"name":"wp","href":"https:\/\/api.w.org\/{rel}","templated":true}]}}