{"id":4783,"date":"2020-11-09T09:55:59","date_gmt":"2020-11-09T08:55:59","guid":{"rendered":"http:\/\/www.sgv-champagne.fr\/?page_id=4783"},"modified":"2025-05-23T14:33:27","modified_gmt":"2025-05-23T13:33:27","slug":"qui-sommes-nous","status":"publish","type":"page","link":"https:\/\/www.sgv-champagne.fr\/?page_id=4783","title":{"rendered":"Qui sommes-nous ?"},"content":{"rendered":"<div class=\"wpb-content-wrapper\"><p>[vc_row][vc_column][vc_column_text css=\u00a0\u00bb\u00a0\u00bb]<\/p>\n<h3>Champagne de Vignerons : la\u00a0banni\u00e8re collective du vignoble champenois<\/h3>\n<p><img loading=\"lazy\" decoding=\"async\" class=\"alignnone size-medium wp-image-6044\" src=\"https:\/\/www.sgv-champagne.fr\/wp-content\/uploads\/2025\/05\/LOGO-SGV-baseline-2024-noir-300x177.png\" alt=\"\" width=\"300\" height=\"177\" srcset=\"https:\/\/www.sgv-champagne.fr\/wp-content\/uploads\/2025\/05\/LOGO-SGV-baseline-2024-noir-300x177.png 300w, https:\/\/www.sgv-champagne.fr\/wp-content\/uploads\/2025\/05\/LOGO-SGV-baseline-2024-noir-1024x605.png 1024w, https:\/\/www.sgv-champagne.fr\/wp-content\/uploads\/2025\/05\/LOGO-SGV-baseline-2024-noir-768x454.png 768w, https:\/\/www.sgv-champagne.fr\/wp-content\/uploads\/2025\/05\/LOGO-SGV-baseline-2024-noir-1536x908.png 1536w, https:\/\/www.sgv-champagne.fr\/wp-content\/uploads\/2025\/05\/LOGO-SGV-baseline-2024-noir-24x14.png 24w, https:\/\/www.sgv-champagne.fr\/wp-content\/uploads\/2025\/05\/LOGO-SGV-baseline-2024-noir-36x21.png 36w, https:\/\/www.sgv-champagne.fr\/wp-content\/uploads\/2025\/05\/LOGO-SGV-baseline-2024-noir-48x28.png 48w, https:\/\/www.sgv-champagne.fr\/wp-content\/uploads\/2025\/05\/LOGO-SGV-baseline-2024-noir.png 1577w\" sizes=\"auto, (max-width: 300px) 100vw, 300px\" \/><\/p>\n<p>Cr\u00e9\u00e9e en 2001 par le Syndicat G\u00e9n\u00e9ral des Vignerons de la Champagne afin de d\u00e9velopper la notori\u00e9t\u00e9 des champagnes \u00e9labor\u00e9s par le vignoble, la banni\u00e8re collective Champagne de Vignerons regroupe tous les vignerons<br \/>\net unions de vignerons qui commercialisent du champagne.<\/p>\n<p>Cette initiative du Syndicat G\u00e9n\u00e9ral des Vignerons de la Champagne met en valeur le travail de pr\u00e9cision des vignerons qui produisent des vins de caract\u00e8re, \u00e0 l\u2019image des terroirs champenois.<\/p>\n<p>Ces vins rares et uniques sont :<br \/>\n&#8211; Issus d\u2019un terroir singulier et de domaines familiaux dot\u00e9s d\u2019un savoir-faire transmis de g\u00e9n\u00e9ration en g\u00e9n\u00e9ration.<br \/>\n&#8211; De qualit\u00e9, avec des vignes cultiv\u00e9es par les vignerons eux-m\u00eames et une vinification sur leur propre domaine ou au sein d\u2019unions de vignerons.<br \/>\n&#8211; D\u2019une grande diversit\u00e9 et de caract\u00e8re : pr\u00e8s de 4 000 vignerons et unions de vignerons se retrouvent au sein de la banni\u00e8re collective.<\/p>\n<h3>Nos Caract\u00e8res<\/h3>\n<p>Tous les champagnes ont leurs caract\u00e8res. Si cette richesse est une force, elle peut \u00e9galement impressionner, d\u00e9router, voire dissuader l\u2019acheteur potentiel.<\/p>\n<p>Pour le guider dans son choix Champagne de Vignerons lui propose une classification simple. Sa cl\u00e9 de lecture ? Le profil sensoriel des vins, avec trois typologies, trois Caract\u00e8res : vif, fruit\u00e9, intense.<\/p>\n<p>Pour identifier le Caract\u00e8re d\u2019une cuv\u00e9e, deux approches sont possibles :<br \/>\n&#8211; Utiliser les adjectifs illustrant au mieux le profil sensoriel de la cuv\u00e9e pour d\u00e9terminer son Caract\u00e8re,<br \/>\n&#8211; D\u00e9finir le profil sensoriel de la cuv\u00e9e et choisir son Caract\u00e8re dominant, puis s\u00e9lectionner les deux adjectifs les plus repr\u00e9sentatifs.<\/p>\n<p>En unissant tous les champagnes de vignerons autour d\u2019un vocabulaire commun, les Caract\u00e8res soulignent plus que jamais leur incroyable diversit\u00e9 !<\/p>\n<h3>O\u00f9 nous trouver ?<\/h3>\n<p>Envie de d\u00e9guster un de nos champagnes ?<br \/>\nPlusieurs options s\u2019offrent \u00e0 vous :<\/p>\n<ul>\n<li><a href=\"https:\/\/www.champagnedevignerons.fr\/vignerons\/\"><strong>directement en vente \u00e0 la propri\u00e9t\u00e9 chez chaque vigneron :<\/strong><\/a> le plaisir de mettre un visage derri\u00e8re un champagne,<\/li>\n<li><a href=\"https:\/\/www.champagnedevignerons.fr\/boutique-19-avenue-de-champagne\/\"><strong>au 19 Avenue de Champagne, \u00e0 \u00c9pernay<\/strong>,<\/a> vous pourrez retrouver la boutique des vignerons et unions de vignerons de Champagne avec une s\u00e9lection de 100 cuv\u00e9es r\u00e9parties entre les 4 grandes r\u00e9gions de la Champagne,<\/li>\n<li><a href=\"https:\/\/www.champagnedevignerons.fr\/cavistes\/\"><strong>chez les cavistes :<\/strong><\/a> de nombreuses r\u00e9f\u00e9rences sont pr\u00e9sentes chez des sp\u00e9cialistes aux quatre coins de l\u2019hexagone.<\/li>\n<\/ul>\n<p>[\/vc_column_text][\/vc_column][\/vc_row]<\/p>\n<\/div>","protected":false},"excerpt":{"rendered":"<p>[vc_row][vc_column][vc_column_text css=\u00a0\u00bb\u00a0\u00bb] Champagne de Vignerons : la\u00a0banni\u00e8re collective du vignoble champenois Cr\u00e9\u00e9e en 2001 par le Syndicat G\u00e9n\u00e9ral des Vignerons de la Champagne afin de d\u00e9velopper la notori\u00e9t\u00e9 des champagnes \u00e9labor\u00e9s par le vignoble, la banni\u00e8re collective Champagne de Vignerons regroupe tous les vignerons et unions de vignerons qui commercialisent du champagne. Cette initiative du &hellip; <\/p>\n<p class=\"link-more\"><a href=\"https:\/\/www.sgv-champagne.fr\/?page_id=4783\" class=\"more-link\">Continuer la lecture<span class=\"screen-reader-text\"> de &laquo;&nbsp;Qui sommes-nous ?&nbsp;&raquo;<\/span><\/a><\/p>\n","protected":false},"author":7,"featured_media":0,"parent":0,"menu_order":0,"comment_status":"closed","ping_status":"closed","template":"","meta":{"footnotes":""},"class_list":["post-4783","page","type-page","status-publish","hentry"],"_links":{"self":[{"href":"https:\/\/www.sgv-champagne.fr\/index.php?rest_route=\/wp\/v2\/pages\/4783","targetHints":{"allow":["GET"]}}],"collection":[{"href":"https:\/\/www.sgv-champagne.fr\/index.php?rest_route=\/wp\/v2\/pages"}],"about":[{"href":"https:\/\/www.sgv-champagne.fr\/index.php?rest_route=\/wp\/v2\/types\/page"}],"author":[{"embeddable":true,"href":"https:\/\/www.sgv-champagne.fr\/index.php?rest_route=\/wp\/v2\/users\/7"}],"replies":[{"embeddable":true,"href":"https:\/\/www.sgv-champagne.fr\/index.php?rest_route=%2Fwp%2Fv2%2Fcomments&post=4783"}],"version-history":[{"count":6,"href":"https:\/\/www.sgv-champagne.fr\/index.php?rest_route=\/wp\/v2\/pages\/4783\/revisions"}],"predecessor-version":[{"id":6046,"href":"https:\/\/www.sgv-champagne.fr\/index.php?rest_route=\/wp\/v2\/pages\/4783\/revisions\/6046"}],"wp:attachment":[{"href":"https:\/\/www.sgv-champagne.fr\/index.php?rest_route=%2Fwp%2Fv2%2Fmedia&parent=4783"}],"curies":[{"name":"wp","href":"https:\/\/api.w.org\/{rel}","templated":true}]}}